{"id":74,"date":"2025-07-22T17:32:18","date_gmt":"2025-07-22T15:32:18","guid":{"rendered":"http:\/\/experienzia.test\/?page_id=74"},"modified":"2025-08-04T23:06:48","modified_gmt":"2025-08-04T21:06:48","slug":"rgpd","status":"publish","type":"page","link":"https:\/\/desarrollosgg2.com\/experienzia\/rgpd\/","title":{"rendered":"RGPD"},"content":{"rendered":"\t\t<div data-elementor-type=\"wp-page\" data-elementor-id=\"74\" class=\"elementor elementor-74\" data-elementor-post-type=\"page\">\n\t\t\t\t<div class=\"elementor-element elementor-element-ffb2161 e-con-full e-flex e-con e-parent\" data-id=\"ffb2161\" data-element_type=\"container\" data-settings=\"{&quot;background_background&quot;:&quot;classic&quot;}\">\n\t\t\t\t<div class=\"elementor-element elementor-element-4ea3be0 elementor-widget elementor-widget-text-editor\" data-id=\"4ea3be0\" data-element_type=\"widget\" data-widget_type=\"text-editor.default\">\n\t\t\t\t\t\t\t\t\t<p class=\"p1\"><b>REGULACI\u00d3N DE PROTECCI\u00d3N DE DATOS (RGPD) &#8211; ADAPTADO A WEB<\/b><b><\/b><\/p><p class=\"p1\"><b>1. Responsable del tratamiento<\/b><b><\/b><\/p><p class=\"p2\">Marketing y Experienzia de Cliente S.L., con CIF B01817071 y domicilio en Calle Kalmia 1, Portal 3, Piso 1C, 28232 Las Rozas de Madrid (Madrid), act\u00faa como responsable del tratamiento de los datos personales recabados a trav\u00e9s de este sitio web.<\/p><p class=\"p1\"><b>2. Finalidades del tratamiento<\/b><b><\/b><\/p><p class=\"p2\">Los datos personales se recogen con las siguientes finalidades:\u200b<\/p><ul><li><p class=\"p1\">Gestionar consultas o solicitudes recibidas.\u200b<\/p><\/li><li><p class=\"p1\">Prestar los servicios contratados.\u200b<\/p><\/li><li><p class=\"p1\">Enviar comunicaciones comerciales si el usuario ha prestado consentimiento expreso.\u200b<\/p><\/li><li><p class=\"p1\">Realizar an\u00e1lisis estad\u00edsticos de uso del sitio web para su mejora continua.<\/p><\/li><\/ul><p class=\"p1\"><b>3. Legitimaci\u00f3n para el tratamiento<\/b><b><\/b><\/p><p class=\"p2\">La base legal para el tratamiento de los datos es:\u200b<\/p><ul><li><p class=\"p1\">El consentimiento expreso del interesado.\u200b<\/p><\/li><li><p class=\"p1\">La ejecuci\u00f3n de un contrato o la aplicaci\u00f3n de medidas precontractuales.\u200b<\/p><\/li><li><p class=\"p1\">El cumplimiento de obligaciones legales.\u200b<\/p><\/li><li><p class=\"p1\">El inter\u00e9s leg\u00edtimo del responsable para fines de seguridad y mejora del servicio.<\/p><\/li><\/ul><p class=\"p1\"><b>4. Conservaci\u00f3n de los datos<\/b><b><\/b><\/p><p class=\"p2\">Los datos personales se conservar\u00e1n durante el tiempo necesario para cumplir con la finalidad para la que se recabaron y, en su caso, durante los plazos legales exigidos.<\/p><p class=\"p1\"><b>5. Destinatarios de los datos<\/b><b><\/b><\/p><p class=\"p2\">Los datos no se ceder\u00e1n a terceros, salvo obligaci\u00f3n legal o cuando sea necesario para prestar el servicio solicitado. En caso de contar con encargados de tratamiento, se firmar\u00e1n los contratos adecuados conforme al art. 28 del RGPD.<\/p><p class=\"p1\"><b>6. Derechos de los interesados<\/b><b><\/b><\/p><p class=\"p2\">Los usuarios podr\u00e1n ejercer los siguientes derechos:\u200b<\/p><ul><li><p class=\"p1\">Acceso, rectificaci\u00f3n, supresi\u00f3n y oposici\u00f3n.\u200b<\/p><\/li><li><p class=\"p1\">Limitaci\u00f3n del tratamiento.\u200b<\/p><\/li><li><p class=\"p1\">Portabilidad de los datos.\u200b<\/p><\/li><li><p class=\"p1\">Retirar el consentimiento en cualquier momento.\u200b<\/p><\/li><li><p class=\"p1\">Presentar reclamaci\u00f3n ante la AEPD si consideran que sus derechos no han sido debidamente atendidos.<\/p><\/li><\/ul><p class=\"p1\"><b>7. Medidas de seguridad<\/b><b><\/b><\/p><p class=\"p2\">Marketing y Experienzia de Cliente S.L. ha adoptado las medidas t\u00e9cnicas y organizativas necesarias para garantizar la seguridad de los datos personales tratados y evitar su alteraci\u00f3n, p\u00e9rdida, tratamiento o acceso no autorizado.<\/p><p class=\"p1\"><b>8. Transferencias internacionales<\/b><b><\/b><\/p><p class=\"p2\">No se realizan transferencias internacionales de datos fuera del Espacio Econ\u00f3mico Europeo, salvo que exista una base legal y garant\u00edas adecuadas conforme a los arts. 44 y ss. del RGPD.<\/p><p class=\"p1\"><b>9. Informaci\u00f3n adicional<\/b><b><\/b><\/p><p class=\"p2\">Para obtener m\u00e1s informaci\u00f3n sobre el tratamiento de sus datos personales, puede contactar con: info@experienzia.es<\/p>\t\t\t\t\t\t\t\t<\/div>\n\t\t\t\t<\/div>\n\t\t\t\t<\/div>\n\t\t","protected":false},"excerpt":{"rendered":"<p>REGULACI\u00d3N DE PROTECCI\u00d3N DE DATOS (RGPD) &#8211; ADAPTADO A WEB 1. Responsable del tratamiento Marketing y Experienzia de Cliente S.L., con CIF B01817071 y domicilio en Calle Kalmia 1, Portal 3, Piso 1C, 28232 Las Rozas de Madrid (Madrid), act\u00faa como responsable del tratamiento de los datos personales recabados a trav\u00e9s de este sitio web. [&hellip;]<\/p>\n","protected":false},"author":1,"featured_media":0,"parent":0,"menu_order":0,"comment_status":"closed","ping_status":"closed","template":"elementor_header_footer","meta":{"_acf_changed":false,"footnotes":""},"class_list":["post-74","page","type-page","status-publish","hentry"],"acf":[],"_links":{"self":[{"href":"https:\/\/desarrollosgg2.com\/experienzia\/wp-json\/wp\/v2\/pages\/74","targetHints":{"allow":["GET"]}}],"collection":[{"href":"https:\/\/desarrollosgg2.com\/experienzia\/wp-json\/wp\/v2\/pages"}],"about":[{"href":"https:\/\/desarrollosgg2.com\/experienzia\/wp-json\/wp\/v2\/types\/page"}],"author":[{"embeddable":true,"href":"https:\/\/desarrollosgg2.com\/experienzia\/wp-json\/wp\/v2\/users\/1"}],"replies":[{"embeddable":true,"href":"https:\/\/desarrollosgg2.com\/experienzia\/wp-json\/wp\/v2\/comments?post=74"}],"version-history":[{"count":10,"href":"https:\/\/desarrollosgg2.com\/experienzia\/wp-json\/wp\/v2\/pages\/74\/revisions"}],"predecessor-version":[{"id":1022,"href":"https:\/\/desarrollosgg2.com\/experienzia\/wp-json\/wp\/v2\/pages\/74\/revisions\/1022"}],"wp:attachment":[{"href":"https:\/\/desarrollosgg2.com\/experienzia\/wp-json\/wp\/v2\/media?parent=74"}],"curies":[{"name":"wp","href":"https:\/\/api.w.org\/{rel}","templated":true}]}}