{"id":70,"date":"2025-07-22T17:32:18","date_gmt":"2025-07-22T15:32:18","guid":{"rendered":"http:\/\/experienzia.test\/?page_id=70"},"modified":"2025-08-04T23:07:02","modified_gmt":"2025-08-04T21:07:02","slug":"aviso-legal","status":"publish","type":"page","link":"https:\/\/desarrollosgg2.com\/experienzia\/aviso-legal\/","title":{"rendered":"Aviso Legal"},"content":{"rendered":"\t\t<div data-elementor-type=\"wp-page\" data-elementor-id=\"70\" class=\"elementor elementor-70\" data-elementor-post-type=\"page\">\n\t\t\t\t<div class=\"elementor-element elementor-element-dccddbe e-con-full e-flex e-con e-parent\" data-id=\"dccddbe\" data-element_type=\"container\" data-settings=\"{&quot;background_background&quot;:&quot;classic&quot;}\">\n\t\t\t\t<div class=\"elementor-element elementor-element-fc883af elementor-widget elementor-widget-text-editor\" data-id=\"fc883af\" data-element_type=\"widget\" data-widget_type=\"text-editor.default\">\n\t\t\t\t\t\t\t\t\t<p class=\"p1\"><b>AVISO LEGAL<\/b><b><\/b><\/p><p class=\"p1\"><b>1. Informaci\u00f3n general<\/b><b><\/b><\/p><p class=\"p2\">En cumplimiento del deber de informaci\u00f3n recogido en el art\u00edculo 10 de la Ley 34\/2002, de 11 de julio, de Servicios de la Sociedad de la Informaci\u00f3n y del Comercio Electr\u00f3nico (LSSI-CE), se informa a los usuarios que el presente sitio web es titularidad de:<\/p><p class=\"p2\">\u2219 Raz\u00f3n social: Marketing y Experienzia de Cliente S.L.<\/p><p class=\"p2\">\u2219 CIF: B01817071<\/p><p class=\"p2\">\u2219 Domicilio social: Calle Kalmia 1, Portal 3, Piso 1C, 28232 Las Rozas de Madrid (Madrid), Espa\u00f1a<\/p><p class=\"p2\">\u2219 Correo electr\u00f3nico de contacto: info@experienzia.es<\/p><p class=\"p2\">La empresa se encuentra inscrita en el Registro Mercantil de Madrid.<\/p><p class=\"p1\"><b>2. Condiciones de uso del sitio web<\/b><b><\/b><\/p><p class=\"p2\">El acceso y la utilizaci\u00f3n del sitio web atribuyen la condici\u00f3n de usuario, lo que implica la aceptaci\u00f3n plena y sin reservas de todas las disposiciones recogidas en este Aviso Legal en la versi\u00f3n publicada en el momento del acceso.<\/p><p class=\"p2\">El usuario se compromete a hacer un uso adecuado de los contenidos, servicios y funcionalidades ofrecidas a trav\u00e9s de este sitio web y a no emplearlos para:<\/p><p class=\"p2\">\u2219 Incurrir en actividades il\u00edcitas, ilegales o contrarias a la buena fe y al orden p\u00fablico.<\/p><p class=\"p2\">\u2219 Provocar da\u00f1os en los sistemas f\u00edsicos y l\u00f3gicos del titular del sitio, de sus proveedores o de terceras personas.<\/p><p class=\"p2\">\u2219 Introducir o difundir virus inform\u00e1ticos o cualesquiera otros sistemas que puedan provocar da\u00f1os.<\/p><p class=\"p2\">\u2219 Intentar acceder, utilizar y\/o manipular los datos del titular del sitio web o de otros usuarios.<\/p><p class=\"p2\">Marketing y Experienzia de Cliente S.L. se reserva el derecho a retirar o denegar el acceso a la web sin necesidad de preaviso a aquellos usuarios que incumplan estas condiciones.<\/p><p class=\"p1\"><b>3. Propiedad intelectual e industrial<\/b><b><\/b><\/p><p class=\"p2\">Todos los contenidos del sitio web (incluyendo, entre otros, textos, im\u00e1genes, logos, dise\u00f1o gr\u00e1fico, c\u00f3digo fuente, bases de datos, software, nombres comerciales, marcas, etc.) son propiedad exclusiva de Marketing y Experienzia de Cliente S.L. o de terceros que han autorizado su uso.<\/p><p class=\"p2\">Queda prohibida su reproducci\u00f3n, distribuci\u00f3n, comunicaci\u00f3n p\u00fablica, transformaci\u00f3n o cualquier otra forma de explotaci\u00f3n sin la autorizaci\u00f3n expresa del titular.<\/p><p class=\"p2\">El usuario se compromete a respetar los derechos de propiedad intelectual e industrial titularidad de la empresa.<\/p><p class=\"p1\"><b>4. Exclusi\u00f3n de garant\u00edas y responsabilidad<\/b><b><\/b><\/p><p class=\"p2\">Marketing y Experienzia de Cliente S.L. no se hace responsable, en ning\u00fan caso, de los da\u00f1os y perjuicios de cualquier naturaleza que pudieran derivarse de:<\/p><p class=\"p2\">\u2219 La falta de disponibilidad, mantenimiento o efectivo funcionamiento del sitio web o de sus servicios.<\/p>\t\t\t\t\t\t\t\t<\/div>\n\t\t\t\t<\/div>\n\t\t\t\t<\/div>\n\t\t","protected":false},"excerpt":{"rendered":"<p>AVISO LEGAL 1. Informaci\u00f3n general En cumplimiento del deber de informaci\u00f3n recogido en el art\u00edculo 10 de la Ley 34\/2002, de 11 de julio, de Servicios de la Sociedad de la Informaci\u00f3n y del Comercio Electr\u00f3nico (LSSI-CE), se informa a los usuarios que el presente sitio web es titularidad de: \u2219 Raz\u00f3n social: Marketing y [&hellip;]<\/p>\n","protected":false},"author":1,"featured_media":0,"parent":0,"menu_order":0,"comment_status":"closed","ping_status":"closed","template":"elementor_header_footer","meta":{"_acf_changed":false,"footnotes":""},"class_list":["post-70","page","type-page","status-publish","hentry"],"acf":[],"_links":{"self":[{"href":"https:\/\/desarrollosgg2.com\/experienzia\/wp-json\/wp\/v2\/pages\/70","targetHints":{"allow":["GET"]}}],"collection":[{"href":"https:\/\/desarrollosgg2.com\/experienzia\/wp-json\/wp\/v2\/pages"}],"about":[{"href":"https:\/\/desarrollosgg2.com\/experienzia\/wp-json\/wp\/v2\/types\/page"}],"author":[{"embeddable":true,"href":"https:\/\/desarrollosgg2.com\/experienzia\/wp-json\/wp\/v2\/users\/1"}],"replies":[{"embeddable":true,"href":"https:\/\/desarrollosgg2.com\/experienzia\/wp-json\/wp\/v2\/comments?post=70"}],"version-history":[{"count":24,"href":"https:\/\/desarrollosgg2.com\/experienzia\/wp-json\/wp\/v2\/pages\/70\/revisions"}],"predecessor-version":[{"id":1025,"href":"https:\/\/desarrollosgg2.com\/experienzia\/wp-json\/wp\/v2\/pages\/70\/revisions\/1025"}],"wp:attachment":[{"href":"https:\/\/desarrollosgg2.com\/experienzia\/wp-json\/wp\/v2\/media?parent=70"}],"curies":[{"name":"wp","href":"https:\/\/api.w.org\/{rel}","templated":true}]}}